 what is -11 - 22131?
-22202
In base 16, what is 15 - -17?
2c
In base 9, what is 14 - -25?
40
In base 15, what is -776 - 2?
-778
In base 4, what is -3 - 32?
-101
In base 4, what is -1 + 1030?
1023
In base 4, what is -320012 - -1?
-320011
In base 8, what is 20 - -2?
22
In base 4, what is -2 - -13312?
13310
In base 10, what is -5 + -610?
-615
In base 2, what is -1010111111001 - 100?
-1010111111101
In base 4, what is 12 + 31200?
31212
In base 2, what is 1101010001100 - 10?
1101010001010
In base 4, what is 1201 - 2?
1133
In base 2, what is -1011 - -101100?
100001
In base 5, what is 141 - -10?
201
In base 14, what is 3 - -c?
11
In base 5, what is 24 - -14?
43
In base 7, what is 52 + 15?
100
In base 11, what is -16a - 1?
-170
In base 3, what is -20121212 + 12?
-20121200
In base 2, what is 101 - -11110011?
11111000
In base 11, what is -26a - 5?
-274
In base 12, what is b2 + 2?
b4
In base 8, what is 0 + -162?
-162
In base 2, what is 1100011110 + -1010?
1100010100
In base 4, what is 0 + -103222?
-103222
In base 2, what is 0 - -101100?
101100
In base 7, what is -1450 + 11?
-1436
In base 10, what is -118 + 14?
-104
In base 9, what is 3157 + -2?
3155
In base 5, what is 3 - -23?
31
In base 6, what is 2050 - -3?
2053
In base 14, what is -59 + 2?
-57
In base 2, what is 11010011000 + 10?
11010011010
In base 3, what is 11 - -1121?
1202
In base 3, what is -201102 - 100?
-201202
In base 16, what is -52 - -38?
-1a
In base 5, what is -1 - 14?
-20
In base 12, what is 5 - 562?
-559
In base 9, what is 3 + -35?
-32
In base 6, what is 4533 + 11?
4544
In base 16, what is -1 - 412?
-413
In base 11, what is 9 - -4?
12
In base 14, what is 4 - -22?
26
In base 7, what is 5023 + 2?
5025
In base 4, what is 1 + -122?
-121
In base 10, what is 3832 - -4?
3836
In base 10, what is -772 - -5?
-767
In base 11, what is 99 - 49?
50
In base 6, what is 103 + 12?
115
In base 2, what is -10101111110001 - 101?
-10101111110110
In base 6, what is -410 - -14?
-352
In base 8, what is -4 + -72?
-76
In base 7, what is -12664 - -3?
-12661
In base 11, what is 14 + -28a?
-276
In base 6, what is -443 - 102?
-545
In base 10, what is -252 + -5?
-257
In base 2, what is -11010111100100 + 100?
-11010111100000
In base 5, what is 21 + 443?
1014
In base 5, what is -132000 + -1?
-132001
In base 10, what is -6 - 59?
-65
In base 7, what is -211422 - 0?
-211422
In base 11, what is -5 - 110?
-115
In base 16, what is 2 - -3?
5
In base 5, what is -2 - -11420?
11413
In base 6, what is 154 - 3?
151
In base 16, what is -15ae + -1?
-15af
In base 14, what is b7 + 2?
b9
In base 6, what is 235 - -2?
241
In base 12, what is 965 - 5?
960
In base 12, what is 495 + 1?
496
In base 16, what is 1ff + -5?
1fa
In base 12, what is 2a - -6?
34
In base 6, what is -234 - 3?
-241
In base 15, what is 1a1 - -5?
1a6
In base 12, what is -5 + -25?
-2a
In base 12, what is -525a + -4?
-5262
In base 5, what is -4032 - -3?
-4024
In base 7, what is -40 - 2?
-42
In base 7, what is -1 + -30?
-31
In base 13, what is b51 - -2?
b53
In base 10, what is 115 + -1?
114
In base 7, what is 1 + 131?
132
In base 15, what is c - 1d?
-11
In base 3, what is 12 - 2012201?
-2012112
In base 4, what is -110313 - 11?
-110330
In base 9, what is -851 + -4?
-855
In base 15, what is -1 + 5a6?
5a5
In base 12, what is -152a7 - 2?
-152a9
In base 5, what is -14211 - 4?
-14220
In base 10, what is 0 + 43?
43
In base 7, what is 3 + -530?
-524
In base 4, what is 0 - -20202?
20202
In base 7, what is -16 + 63?
44
In base 9, what is -5 - -72?
66
In base 3, what is -22 + -10?
-102
In base 8, what is -1034 - 12?
-1046
In base 11, what is 12 - -195?
1a7
In base 16, what is 32c7 - -5?
32cc
In base 14, what is -2c + 3?
-29
In base 7, what is -125 - 114?
-242
In base 3, what is 101 - 20012?
-12211
In base 6, what is 51140 + 0?
51140
In base 10, what is -136 + 2?
-134
In base 11, what is 0 + -5a07?
-5a07
In base 7, what is 102 + 2?
104
In base 11, what is 5 + a5?
aa
In base 10, what is 174 - 22?
152
In base 9, what is -3 + 245?
242
In base 8, what is 0 - 505?
-505
In base 15, what is 25 - c4?
-9e
In base 8, what is 1 - -24?
25
In base 7, what is -4016 - -2?
-4014
In base 7, what is 3 + -106?
-103
In base 12, what is -35 + 18?
-19
In base 11, what is 19 + -49?
-30
In base 11, what is -110 - -3?
-108
In base 14, what is 9 + 2?
b
In base 12, what is -10 - -3b?
2b
In base 13, what is 1 + -3?
-2
In base 10, what is 90 + 18?
108
In base 13, what is 0 + 1966?
1966
In base 3, what is 21 - -100?
121
In base 3, what is -10012 - 0?
-10012
In base 11, what is -5 + -57a?
-584
In base 12, what is -a - 45?
-53
In base 2, what is -101000001100 - -1?
-101000001011
In base 7, what is -5 + -2466?
-2504
In base 9, what is -23345 - -3?
-23342
In base 16, what is 1 - -d3?
d4
In base 13, what is 5 + -1a?
-15
In base 10, what is 798 - -5?
803
In base 11, what is -41 + -4?
-45
In base 14, what is 4 - 54?
-50
In base 14, what is -9b - 1d?
-ba
In base 9, what is -6 - -871?
864
In base 7, what is -10 - 131?
-141
In base 7, what is 4 - -12?
16
In base 2, what is 10011110 + 100101?
11000011
In base 10, what is -3 - 202?
-205
In base 6, what is 41 + -115?
-34
In base 13, what is 6 + -330?
-327
In base 2, what is -10 + -1101011?
-1101101
In base 7, what is -2516 - -1?
-2515
In base 7, what is 122 + 0?
122
In base 3, what is 1221101021 - -11?
1221101102
In base 2, what is -1110110 - -11?
-1110011
In base 12, what is 10 - -127?
137
In base 13, what is -27 + 3?
-24
In base 4, what is 12 + -10?
2
In base 3, what is 0 - -1211?
1211
In base 5, what is -241 - -2?
-234
In base 7, what is -2 - 1153?
-1155
In base 2, what is 111110010111 - -100?
111110011011
In base 4, what is -303 - 222?
-1131
In base 13, what is -7 - b?
-15
In base 2, what is -10010011 + -100?
-10010111
In base 4, what is 3 - 122003?
-122000
In base 4, what is -1 - -120?
113
In base 10, what is 9150 - 2?
9148
In base 16, what is 7 + 5c?
63
In base 13, what is 0 - -61?
61
In base 6, what is 35 - 0?
35
In base 14, what is 0 + 8?
8
In base 3, what is -220 - 1021?
-2011
In base 6, what is -1 + 432?
431
In base 5, what is -2233 + 10?
-2223
In base 7, what is 301 + 11?
312
In base 11, what is -53 + 38?
-16
In base 14, what is -3 + -1a?
-1d
In base 9, what is 280 - -5?
285
In base 15, what is -1 + -13e8?
-13e9
In base 8, what is 1174 - 5?
1167
In base 10, what is -2 - 135?
-137
In base 16, what is 11e + -4?
11a
In base 11, what is 8 - -264?
271
In base 13, what is -3 - -245?
242
In base 2, what is 110010101 - -11?
110011000
In base 15, what is -21 + -1?
-22
In base 4, what is -2321 - 3?
-2330
In base 2, what is 110000001 + 10?
110000011
In base 14, what is -3c - -c?
-30
In base 9, what is 3 + -137?
-134
In base 6, what is -12 + -1?
-13
In base 7, what is -11341 - -2?
-11336
In base 8, what is -262 - -3?
-257
In base 5, what is 22 - 20?
2
In base 3, what is -1110 + -2010?
-10120
In base 15, what is 1d - -1?
1e
In base 16, what is 294 - -f?
2a3
In base 4, what is -1 + 301112?
301111
In base 11, what is -34 - -293?
25a
In base 9, what is -3 + -7?
-11
In base 2, what is -100011010100 + -101?
-100011011001
In base 10, what is 1 + -126?
-125
In base 2, what is -101 + 100101110110?
100101110001
In base 4, what is -132 + -20102?
-20300
In base 3, what is 1001 + -100?
201
In base 5, what is -23 - -43?
20
In base 3, what is -1 - 1?
-2
In base 2, what is 1010111111 + -10?
1010111101
In base 3, what is -1101210020 - -12?
-1101210001
In base 13, what is a3 + -7?
99
In base 4, what is -2101 - -1?
-2100
In base 16, what is 2c8 - -2?
2ca
In base 12, what is -2 + 1747?
1745
In base 4, what is -21100 + -2?
-21102
In base 4, what is -10 + -1331?
-2001
In base 12, what is -2 - 16?
-18
In base 11, what is -484 + -3?
-487
In base 10, what is -1 + 3014?
3013
In base 11, what is -34 - -9a?
66
In base 4, what is 1220 + -10?
1210
In base 6, what is -2000 - -2?
-1554
In base 6, what is 5532 - -2?
5534
In base 13, what is -148 + -17?
-162
In base 6, what is 2 + -20?
-14
In base 4, what is -1 - -13110?
13103
In base 12, what is -5 - 38?
-41
In base 9, what is -27 - -10?
-17
In base 4, what is -10 - -1003?
333
In base 12, what is 19 - -1?
1a
In base 15, what is -30 + 2?
-2d
In base 4, what is -11 - 1231?
-1302
In base 5, what is -3 + -4?
-12
In base 4, what is 23 - -1331?
2020
In base 14, wh